{"id":2418,"date":"2026-05-11T08:39:29","date_gmt":"2026-05-11T08:39:29","guid":{"rendered":"https:\/\/conforto.vn\/?post_type=product&#038;p=2418"},"modified":"2026-05-11T08:39:33","modified_gmt":"2026-05-11T08:39:33","slug":"bom-chim-nuoc-thai-elanta-flx-100-50-t","status":"publish","type":"product","link":"https:\/\/conforto.vn\/index.php\/san-pham\/bom-chim-nuoc-thai-elanta-flx-100-50-t\/","title":{"rendered":"B\u01a1m ch\u00ecm n\u01b0\u1edbc th\u1ea3i Elanta FLX 100\/50 T"},"content":{"rendered":"<h3><strong>M\u00e1y b\u01a1m ch\u00ecm n\u01b0\u1edbc th\u1ea3i Elanta FLX 100\/50 T<\/strong><\/h3>\n<h4><strong>\u1ee8NG D\u1ee4NG:<\/strong><\/h4>\n<p><strong>M\u00e1y b\u01a1m ch\u00ecm n\u01b0\u1edbc th\u1ea3i Elanta FLX 100\/50 T<\/strong>\u00a0\u0111\u01b0\u1ee3c s\u1eed d\u1ee5ng r\u1ed9ng r\u00e3i trong c\u00e1c l\u0129nh v\u1ef1c c\u00f4ng nghi\u1ec7p, th\u1ee7 c\u00f4ng v\u00e0 c\u00f4ng nghi\u1ec7p \u0111\u1ec3 x\u1eed l\u00fd v\u00e0 b\u01a1m n\u01b0\u1edbc s\u1ea1ch, h\u01a1i b\u1ea9n ho\u1eb7c c\u00e1c ch\u1ea5t l\u1ecfng kh\u00e1c. <strong>Ch\u00fang c\u0169ng th\u00edch h\u1ee3p \u0111\u1ec3 b\u01a1m ch\u1ea5t l\u1ecfng t\u00edch c\u1ef1c.\u00a0<\/strong><\/p>\n<p><strong>Nghi\u00eam c\u1ea5m s\u1eed d\u1ee5ng b\u01a1m \u0111i\u1ec7n \u0111\u1ec3 n\u00e2ng ch\u1ea5t l\u1ecfng d\u1ec5 ch\u00e1y.\u00a0<\/strong>N\u00f3 c\u0169ng b\u1ecb c\u1ea5m \u0111\u1ecbnh v\u1ecb ho\u1eb7c th\u00e1o b\u01a1m \u0111i\u1ec7n b\u1eb1ng c\u00e1p \u0111i\u1ec7n.\u00a0Nhi\u1ec7t \u0111\u1ed9 t\u1ed1i \u0111a c\u1ee7a ch\u1ea5t l\u1ecfng t\u0103ng: &#8211; Ho\u1ea1t \u0111\u1ed9ng li\u00ean t\u1ee5c: 50 \u00b0 C.<\/p>\n<p>M\u1ee9c b\u01a1m t\u1ed1i thi\u1ec3u: 10 cm.\u00a0ph\u00eda tr\u00ean th\u00e2n b\u01a1m.\u00a0M\u1eadt \u0111\u1ed9 ch\u1ea5t l\u1ecfng t\u1ed1i \u0111a: kh\u00f4ng qu\u00e1 1.100 Kg \/ m3.\u00a0M\u00e1y b\u01a1m \u0111i\u1ec7n c\u00f3 th\u1ec3 b\u01a1m ch\u1ea5t l\u1ecfng ch\u1ee9a c\u00e1c ph\u1ea7n r\u1eafn c\u00f3 \u0111\u01b0\u1eddng k\u00ednh cho ph\u00e9p \u0111i qua b\u00e1nh c\u00f4ng t\u00e1c (xem b\u1ea3ng d\u1eef li\u1ec7u k\u1ef9 thu\u1eadt).<\/p>\n<h4><strong>X\u00c2Y D\u1ef0NG:<\/strong><\/h4>\n<p>C\u00e1c th\u00e0nh ph\u1ea7n \u0111\u00e3 \u0111\u01b0\u1ee3c l\u1ef1a ch\u1ecdn c\u1ea9n th\u1eadn \u0111\u1ec3 c\u00f3 \u0111\u1ed9 tin c\u1eady v\u00e0 \u0111\u1ed9 b\u1ec1n t\u1ed1i \u0111a, ngay c\u1ea3 trong c\u00e1c nhi\u1ec7m v\u1ee5 \u0111\u00f2i h\u1ecfi kh\u1eaft khe nh\u1ea5t.<\/p>\n<p>C\u00e1c b\u01a1m \u0111i\u1ec7n ho\u00e0n to\u00e0n b\u1eb1ng th\u00e9p kh\u00f4ng g\u1ec9 AISI 304, tr\u1ee5c \u0111\u1ed9ng c\u01a1 b\u1eb1ng th\u00e9p kh\u00f4ng g\u1ec9, c\u00e1c mi\u1ebfng \u0111\u1ec7m b\u1eb1ng cao su nitrile (ch\u1ed1ng d\u1ea7u).\u00a0V\u00f2ng bi c\u00f3 ch\u1ea5t l\u01b0\u1ee3ng cao v\u00e0 c\u00f3 th\u1ec3 \u0111\u01b0\u1ee3c b\u00f4i tr\u01a1n sau m\u1ed9t th\u1eddi gian d\u00e0i ho\u1ea1t \u0111\u1ed9ng.\u00a0Con d\u1ea5u c\u01a1 h\u1ecdc trong silicon carbide \/ alumina.\u00a0Con d\u1ea5u tr\u00ean c\u00f3 m\u1ed9t m\u00f4i (d\u1ea7u-para).<\/p>\n<h4><strong>\u0110\u1ed8NG C\u01a0 \u0110I\u1ec6N:<\/strong><\/h4>\n<p>\u0110\u1ed9ng c\u01a1 \u0111i\u1ec7n l\u00e0 \u0111\u1ed9ng c\u01a1 2 pha ho\u1eb7c ba pha v\u1edbi r\u00f4to nh\u00f4m \u0111\u00fac, \u0111\u1eb7t trong b\u1ec3 d\u1ea7u \u0111i\u1ec7n m\u00f4i v\u00e0 b\u1ec3 d\u1ea7u ch\u1ed1ng oxit.\u00a0C\u00f4ng su\u1ea5t kh\u1ea3 d\u1ee5ng n\u1eb1m trong kho\u1ea3ng t\u1eeb 0,37 kW \u0111\u1ebfn 1,5 kW.\u00a0\u0110i\u1ec7n \u00e1p m\u1ed9t pha 230 &#8211; 240 V. 50 Hz v\u00e0 \u0111i\u1ec7n \u00e1p ba pha 230\/400 V. 50 Hz.<\/p>\n<p>C\u00e1c \u0111\u1ed9ng c\u01a1 \u0111\u01b0\u1ee3c thi\u1ebft k\u1ebf \u0111\u1ec3 cung c\u1ea5p c\u00f4ng su\u1ea5t \u0111\u1ecbnh m\u1ee9c t\u1ed1i \u0111a v\u1edbi c\u00e1c bi\u1ebfn thi\u00ean +\/- 5% t\u1ea7n s\u1ed1 \u0111i\u1ec7n \u00e1p \u0111\u1ecbnh m\u1ee9c.\u00a0Ho\u00e0n to\u00e0n k\u00edn n\u01b0\u1edbc, c\u00e1ch nhi\u1ec7t l\u1edbp F, \u0111\u1ed9 b\u1ea3o v\u1ec7 IP68.\u00a0Trong \u0111\u1ed9ng c\u01a1 m\u1ed9t pha, b\u1ed9 \u0111i\u1ec1u nhi\u1ec7t an to\u00e0n vi m\u00f4 \u0111\u01b0\u1ee3c l\u1eafp v\u00e0o \u0111\u1ec3 tr\u00e1nh l\u00e0m h\u1ecfng \u0111\u1ed9ng c\u01a1 kh\u00f3 ch\u1ecbu trong tr\u01b0\u1eddng h\u1ee3p ch\u1eb7n b\u00e1nh c\u00f4ng t\u00e1c.\u00a0\u0110\u1ed9ng c\u01a1 \u0111\u01b0\u1ee3c l\u00e0m m\u00e1t b\u1eb1ng c\u00f9ng m\u1ed9t ch\u1ea5t l\u1ecfng n\u01a1i b\u01a1m \u0111i\u1ec7n \u0111\u01b0\u1ee3c ng\u00e2m.<\/p>\n<p>C\u00e1c thi\u1ebft b\u1ecb ti\u00eau chu\u1ea9n bao g\u1ed3m 10 mt.\u00a0c\u1ee7a c\u00e1p H 07 RN-F v\u00e0 ph\u00edch c\u1eafm Schuko, trong khi ngu\u1ed3n cung c\u1ea5p ba pha c\u00f3 \u0111\u1ea7u cu\u1ed1i mi\u1ec5n ph\u00ed.<\/p>\n<p><strong><a href=\"https:\/\/conforto.vn\/wp-content\/uploads\/2019\/09\/FLX.pdf\" target=\"_blank\" rel=\"noopener noreferrer\">T\u1ea3i v\u1ec1 FLX-Catalogy<\/a><\/strong><\/p>\n<p><img fetchpriority=\"high\" decoding=\"async\" class=\"alignnone wp-image-919\" src=\"https:\/\/conforto.vn\/wp-content\/uploads\/2019\/09\/GRAPH_FLX.jpg\" alt=\"FLX-about\" width=\"652\" height=\"381\" \/><\/p>\n","protected":false},"excerpt":{"rendered":"<div class=\"product-short-description\">\n<div class=\"product-short-description\">\n<ul>\n<li>Model : FLX 100\/50 T<\/li>\n<li>C\u00f4ng su\u1ea5t :\u00a0 1HP \u2013\u00a0 0,75kW<\/li>\n<li>\u0110i\u1ec7n \u00e1p : 380v\/3P \u2013 50Hz<\/li>\n<li>L\u01b0u l\u01b0\u1ee3ng : 1,5-30 m3\/h<\/li>\n<li>C\u1ed9t \u00e1p : 11-1,5 Hm<\/li>\n<li>Xu\u1ea5t x\u1ee9 : Italya<\/li>\n<\/ul>\n<\/div>\n<\/div>\n","protected":false},"featured_media":2445,"comment_status":"open","ping_status":"closed","template":"","meta":[],"product_brand":[],"product_cat":[75],"product_tag":[30,76,82,79,83],"class_list":{"0":"post-2418","1":"product","2":"type-product","3":"status-publish","4":"has-post-thumbnail","6":"product_cat-nuoc-thai-sach","7":"product_tag-may-bom","8":"product_tag-may-bom-chim-nuoc-thai","9":"product_tag-may-bom-chim-nuoc-thai-elanta","10":"product_tag-may-bom-chim-nuoc-thai-elanta-flx","11":"product_tag-may-bom-chim-nuoc-thai-elanta-flx-100-50-t","13":"first","14":"instock","15":"shipping-taxable","16":"product-type-simple"},"_links":{"self":[{"href":"https:\/\/conforto.vn\/index.php\/wp-json\/wp\/v2\/product\/2418","targetHints":{"allow":["GET"]}}],"collection":[{"href":"https:\/\/conforto.vn\/index.php\/wp-json\/wp\/v2\/product"}],"about":[{"href":"https:\/\/conforto.vn\/index.php\/wp-json\/wp\/v2\/types\/product"}],"replies":[{"embeddable":true,"href":"https:\/\/conforto.vn\/index.php\/wp-json\/wp\/v2\/comments?post=2418"}],"wp:featuredmedia":[{"embeddable":true,"href":"https:\/\/conforto.vn\/index.php\/wp-json\/wp\/v2\/media\/2445"}],"wp:attachment":[{"href":"https:\/\/conforto.vn\/index.php\/wp-json\/wp\/v2\/media?parent=2418"}],"wp:term":[{"taxonomy":"product_brand","embeddable":true,"href":"https:\/\/conforto.vn\/index.php\/wp-json\/wp\/v2\/product_brand?post=2418"},{"taxonomy":"product_cat","embeddable":true,"href":"https:\/\/conforto.vn\/index.php\/wp-json\/wp\/v2\/product_cat?post=2418"},{"taxonomy":"product_tag","embeddable":true,"href":"https:\/\/conforto.vn\/index.php\/wp-json\/wp\/v2\/product_tag?post=2418"}],"curies":[{"name":"wp","href":"https:\/\/api.w.org\/{rel}","templated":true}]}}