{"id":2477,"date":"2026-05-11T08:39:39","date_gmt":"2026-05-11T08:39:39","guid":{"rendered":"https:\/\/conforto.vn\/?post_type=product&#038;p=2477"},"modified":"2026-05-11T08:39:41","modified_gmt":"2026-05-11T08:39:41","slug":"may-bom-nuoc-cong-nghiep-elanta-n-80-160-a","status":"publish","type":"product","link":"https:\/\/conforto.vn\/index.php\/san-pham\/may-bom-nuoc-cong-nghiep-elanta-n-80-160-a\/","title":{"rendered":"M\u00e1y b\u01a1m n\u01b0\u1edbc c\u00f4ng nghi\u1ec7p Elanta N 80-160 A"},"content":{"rendered":"<p><strong>M\u00e1y b\u01a1m n\u01b0\u1edbc c\u00f4ng nghi\u1ec7p Elanta N80-160A<\/strong><\/p>\n<p><strong>S\u1eec D\u1ee4NG:<\/strong>\u00a0B\u01a1m \u0111i\u1ec7n c\u00e1nh qu\u1ea1t h\u01b0\u1edbng t\u00e2m v\u1edbi \u0111\u1ea7u h\u00fat h\u01b0\u1edbng tr\u1ee5c v\u00e0 c\u1ed5ng ph\u00e2n ph\u1ed1i h\u01b0\u1edbng t\u00e2m h\u01b0\u1edbng l\u00ean tr\u00ean.\u00a0T\u00ednh n\u0103ng ch\u00ednh c\u1ee7a lo\u1ea1t b\u00e0i n\u00e0y l\u00e0 ph\u00e1t tri\u1ec3n t\u1ed1c \u0111\u1ed9 d\u00f2ng ch\u1ea3y trung b\u00ecnh cao v\u1edbi t\u1ef7 l\u1ec7 ph\u1ed5 bi\u1ebfn t\u1ed1t nh\u01b0 nhau.\u00a0\u0110\u00e2y l\u00e0 nh\u1eefng m\u00e1y b\u01a1m \u0111i\u1ec7n c\u00e1nh qu\u1ea1t duy nh\u1ea5t ph\u00f9 h\u1ee3p cho s\u1eed d\u1ee5ng c\u00f4ng nghi\u1ec7p, n\u00f4ng nghi\u1ec7p v\u00e0 trong n\u01b0\u1edbc.\u00a0Khi s\u1eed d\u1ee5ng c\u00e1c m\u00e1y b\u01a1m \u0111i\u1ec7n n\u00e0y, n\u00ean s\u1eed d\u1ee5ng c\u00e1c ch\u1ea5t l\u1ecfng l\u00e0m s\u1ea1ch h\u00f3a h\u1ecdc v\u00e0 c\u01a1 h\u1ecdc v\u1edbi nhi\u1ec7t \u0111\u1ed9 kh\u00f4ng qu\u00e1 80 \u00b0 C.<\/p>\n<p><strong>B\u01a0M: B\u01a1m<\/strong>\u00a0tr\u1ee5c ngang v\u1edbi b\u00e1nh c\u00f4ng t\u00e1c b\u1eb1ng \u0111\u1ed3ng cho N 32-200 B \/ A v\u00e0 b\u1eb1ng gang cho t\u1ea5t c\u1ea3 c\u00e1c lo\u1ea1i kh\u00e1c, th\u00e2n b\u01a1m v\u00e0 gi\u00e1 \u0111\u1ee1 b\u1eb1ng gang G20, tr\u1ee5c trong th\u00e9p kh\u00f4ng g\u1ec9 AISI 304 v\u00e0 con d\u1ea5u c\u01a1 kh\u00ed b\u1eb1ng g\u1ed1m \/ than ch\u00ec.<\/p>\n<p><strong>\u0110\u1ed8NG C\u01a0:<\/strong>\u00a0Lo\u1ea1i k\u00edn \u0111i\u1ec7n c\u00f3 th\u00f4ng gi\u00f3 b\u00ean ngo\u00e0i, \u0111\u1ed9 b\u1ea3o v\u1ec7 IP 44. L\u1edbp c\u00e1ch \u0111i\u1ec7n F.<\/p>\n<p><strong>\u0110I\u1ec6N \u00c1P:<\/strong>\u00a03 kw v\u00e0 4 kw: 230\/400 V. 50 Hz;\u00a0t\u1eeb 5,5 kw \u0111\u1ebfn 15 kw: 400\/690 V. 50 Hz. C\u00e1c \u0111i\u1ec7n \u00e1p v\u00e0 t\u1ea7n s\u1ed1 kh\u00e1c nhau \u0111\u01b0\u1ee3c cung c\u1ea5p theo y\u00eau c\u1ea7u.<\/p>\n<p><strong>\u1ee8NG D\u1ee4NG:<\/strong>\u00a0Th\u1ee7y l\u1ee3i, M\u00e1ng n\u01b0\u1edbc, R\u1eeda xe, Ch\u1eefa ch\u00e1y, C\u00f4ng nghi\u1ec7p<\/p>\n<p><a href=\"https:\/\/conforto.vn\/wp-content\/uploads\/2019\/09\/N-Catalogy.pdf\" target=\"_blank\" rel=\"noopener noreferrer\">T\u1ea3i v\u1ec1 N-Catalogy<\/a><\/p>\n<p><img fetchpriority=\"high\" decoding=\"async\" class=\"alignnone size-medium wp-image-928\" src=\"https:\/\/conforto.vn\/wp-content\/uploads\/2019\/09\/5-1-589x400.jpg\" alt=\"\" width=\"589\" height=\"400\" \/><\/p>\n","protected":false},"excerpt":{"rendered":"<ul>\n<li>Model : N80-160A<\/li>\n<li>C\u00f4ng su\u1ea5t : 25HP &#8211; 18,5kW<\/li>\n<li>\u0110i\u1ec7n \u00e1p : 380v\/3P &#8211; 50Hz<\/li>\n<li>L\u01b0u l\u01b0\u1ee3ng :66-216m3\/h<\/li>\n<li>C\u1ed9t \u00e1p :38,5-20Hm<\/li>\n<li>Xu\u1ea5t x\u1ee9 : Italya<\/li>\n<\/ul>\n","protected":false},"featured_media":2484,"comment_status":"open","ping_status":"closed","template":"","meta":[],"product_brand":[],"product_cat":[84],"product_tag":[30,85,86,135],"class_list":{"0":"post-2477","1":"product","2":"type-product","3":"status-publish","4":"has-post-thumbnail","6":"product_cat-may-bom-cong-nghiep","7":"product_tag-may-bom","8":"product_tag-may-bom-nuoc-cong-nghiep","9":"product_tag-may-bom-nuoc-cong-nghiep-elanta","10":"product_tag-may-bom-nuoc-cong-nghiep-elanta-n-80-160-a","12":"first","13":"instock","14":"shipping-taxable","15":"product-type-simple"},"_links":{"self":[{"href":"https:\/\/conforto.vn\/index.php\/wp-json\/wp\/v2\/product\/2477","targetHints":{"allow":["GET"]}}],"collection":[{"href":"https:\/\/conforto.vn\/index.php\/wp-json\/wp\/v2\/product"}],"about":[{"href":"https:\/\/conforto.vn\/index.php\/wp-json\/wp\/v2\/types\/product"}],"replies":[{"embeddable":true,"href":"https:\/\/conforto.vn\/index.php\/wp-json\/wp\/v2\/comments?post=2477"}],"wp:featuredmedia":[{"embeddable":true,"href":"https:\/\/conforto.vn\/index.php\/wp-json\/wp\/v2\/media\/2484"}],"wp:attachment":[{"href":"https:\/\/conforto.vn\/index.php\/wp-json\/wp\/v2\/media?parent=2477"}],"wp:term":[{"taxonomy":"product_brand","embeddable":true,"href":"https:\/\/conforto.vn\/index.php\/wp-json\/wp\/v2\/product_brand?post=2477"},{"taxonomy":"product_cat","embeddable":true,"href":"https:\/\/conforto.vn\/index.php\/wp-json\/wp\/v2\/product_cat?post=2477"},{"taxonomy":"product_tag","embeddable":true,"href":"https:\/\/conforto.vn\/index.php\/wp-json\/wp\/v2\/product_tag?post=2477"}],"curies":[{"name":"wp","href":"https:\/\/api.w.org\/{rel}","templated":true}]}}