{"id":2660,"date":"2026-05-11T08:40:09","date_gmt":"2026-05-11T08:40:09","guid":{"rendered":"https:\/\/conforto.vn\/?post_type=product&#038;p=2660"},"modified":"2026-05-11T08:40:11","modified_gmt":"2026-05-11T08:40:11","slug":"may-bom-da-tang-canh-elanta-mcox-80-3-m","status":"publish","type":"product","link":"https:\/\/conforto.vn\/index.php\/san-pham\/may-bom-da-tang-canh-elanta-mcox-80-3-m\/","title":{"rendered":"M\u00e1y b\u01a1m \u0111a t\u1ea7ng c\u00e1nh Elanta MCOX 80\/3 M"},"content":{"rendered":"<p><strong>M\u00e1y b\u01a1m \u0111a t\u1ea7ng c\u00e1nh Elanta MCOX 80\/3 M<\/strong><\/p>\n<p><strong><span>S\u1eec D\u1ee4NG:<\/span><\/strong><span>B\u01a1m \u0111i\u1ec7n \u0111a b\u00e0o n\u1eb1m ngang v\u1edbi hi\u1ec7u su\u1ea5t th\u1ee7y l\u1ef1c tuy\u1ec7t v\u1eddi v\u00e0 \u0111\u1ed9 im l\u1eb7ng t\u1ed1t.\u00a0Th\u00edch h\u1ee3p cho c\u00e1c h\u1ec7 th\u1ed1ng nh\u1ecf trong n\u01b0\u1edbc v\u00e0 c\u00f4ng nghi\u1ec7p, h\u1ec7 th\u1ed1ng t\u01b0\u1edbi ti\u00eau, l\u00e0m v\u01b0\u1eddn, thu gom v\u00e0 r\u1eeda n\u01b0\u1edbc m\u01b0a.\u00a0C\u0169ng th\u00edch h\u1ee3p \u0111\u1ec3 b\u01a1m ch\u1ea5t l\u1ecfng m\u1ea1nh v\u1edbi nhi\u1ec7t \u0111\u1ed9 kh\u00f4ng th\u1ea5p h\u01a1n 15 \u00b0 C v\u00e0 kh\u00f4ng cao h\u01a1n 110 \u00b0 C.\u00a0B\u01a0M: Th\u00e2n b\u01a1m, b\u1ed9 khu\u1ebfch t\u00e1n, tr\u1ee5c \u0111\u1ed9ng c\u01a1, c\u00e1nh qu\u1ea1t th\u00e9p AISI 304, ph\u1edbt c\u01a1 kh\u00ed b\u1eb1ng g\u1ed1m \/ than ch\u00ec.\u00a0\u0110\u1ed8NG C\u01a0: Lo\u1ea1i k\u00edn \u0111i\u1ec7n c\u00f3 th\u00f4ng gi\u00f3 b\u00ean ngo\u00e0i, \u0111\u1ed9 b\u1ea3o v\u1ec7 IP55.\u00a0L\u1edbp c\u00e1ch \u0111i\u1ec7n F. Trong \u0111\u1ed9ng c\u01a1 m\u1ed9t pha, m\u1ed9t b\u1ed9 \u0111i\u1ec1u nhi\u1ec7t si\u00eau nh\u1ecf \u0111\u01b0\u1ee3c l\u1eafp v\u00e0o \u0111\u1ec3 tr\u00e1nh h\u01b0 h\u1ecfng trong tr\u01b0\u1eddng h\u1ee3p qu\u00e1 nhi\u1ec7t.\u00a0Ng\u01b0\u1eddi s\u1eed d\u1ee5ng ch\u1ecbu tr\u00e1ch nhi\u1ec7m cho \u0111\u1ed9ng c\u01a1 ba pha.\u00a0\u0110I\u1ec6N \u00c1P: M: 230-240 V. 50 Hz;\u00a0T: 230\/400 V. 50 Hz.<\/span><\/p>\n<p><strong><span>B\u01a0M:<\/span><\/strong><span>\u00a0Th\u00e2n b\u01a1m, b\u1ed9 khu\u1ebfch t\u00e1n, tr\u1ee5c \u0111\u1ed9ng c\u01a1, c\u00e1nh qu\u1ea1t th\u00e9p AISI 304, ph\u1edbt c\u01a1 kh\u00ed b\u1eb1ng g\u1ed1m \/ than ch\u00ec.<\/span><\/p>\n<p><strong><span>\u0110\u1ed8NG C\u01a0:<\/span><\/strong><span>\u00a0Lo\u1ea1i k\u00edn \u0111i\u1ec7n c\u00f3 th\u00f4ng gi\u00f3 b\u00ean ngo\u00e0i, \u0111\u1ed9 b\u1ea3o v\u1ec7 IP55.\u00a0L\u1edbp c\u00e1ch \u0111i\u1ec7n F. Trong \u0111\u1ed9ng c\u01a1 m\u1ed9t pha, m\u1ed9t b\u1ed9 \u0111i\u1ec1u nhi\u1ec7t si\u00eau nh\u1ecf \u0111\u01b0\u1ee3c l\u1eafp v\u00e0o \u0111\u1ec3 tr\u00e1nh h\u01b0 h\u1ecfng trong tr\u01b0\u1eddng h\u1ee3p qu\u00e1 nhi\u1ec7t.\u00a0Ng\u01b0\u1eddi s\u1eed d\u1ee5ng ch\u1ecbu tr\u00e1ch nhi\u1ec7m cho \u0111\u1ed9ng c\u01a1 ba pha.<\/span><\/p>\n<p><strong><span>\u0110I\u1ec6N \u00c1P:<\/span><\/strong><span>\u00a0M: 230-240 V. 50 Hz;\u00a0T: 230\/400 V. 50 Hz. C\u00e1c \u0111i\u1ec7n \u00e1p v\u00e0 t\u1ea7n s\u1ed1 kh\u00e1c nhau c\u00f3 s\u1eb5n theo y\u00eau c\u1ea7u.<\/span><\/p>\n<p><strong><a href=\"https:\/\/conforto.vn\/wp-content\/uploads\/2019\/09\/MCOX-Catalogy.pdf\" target=\"_blank\" rel=\"noopener noreferrer\">T\u1ea3i v\u1ec1 MCOX-Catalogue<\/a><\/strong><\/p>\n<figure id=\"attachment_1698\" aria-describedby=\"caption-attachment-1698\" style=\"width: 624px\" class=\"wp-caption alignnone\"><img fetchpriority=\"high\" decoding=\"async\" class=\"size-medium wp-image-1698\" src=\"https:\/\/conforto.vn\/wp-content\/uploads\/2019\/09\/GRAPH_MCOX-624x400.jpg\" alt=\"GRAPH-MCOX\" width=\"624\" height=\"400\" \/><figcaption id=\"caption-attachment-1698\" class=\"wp-caption-text\">GRAPH-MCOX<\/figcaption><\/figure>\n","protected":false},"excerpt":{"rendered":"<ul>\n<li>Model : MCOX 80\/3 M<\/li>\n<li>C\u00f4ng su\u1ea5t : 0,75HP &#8211; 0,55kW<\/li>\n<li>Ngu\u1ed3n \u0111i\u1ec7n : 220v\/1P &#8211; 50Hz<\/li>\n<li>L\u01b0u l\u01b0\u1ee3ng : 0,6 &#8211; 8,1 m3\/h<\/li>\n<li>C\u1ed9t \u00e1p : 33,5 &#8211; 11 Hm<\/li>\n<li>Xu\u1ea5t x\u1ee9 : Italya<\/li>\n<li>B\u1ea3o h\u00e0nh : 12 th\u00e1ng<\/li>\n<\/ul>\n","protected":false},"featured_media":2687,"comment_status":"open","ping_status":"closed","template":"","meta":[],"product_brand":[],"product_cat":[312],"product_tag":[30,313,314,332,333],"class_list":{"0":"post-2660","1":"product","2":"type-product","3":"status-publish","4":"has-post-thumbnail","6":"product_cat-may-bom-truc-ngang-da-tang","7":"product_tag-may-bom","8":"product_tag-may-bom-da-tang-canh","9":"product_tag-may-bom-da-tang-canh-elanta","10":"product_tag-may-bom-da-tang-canh-elanta-mcox","11":"product_tag-may-bom-da-tang-canh-elanta-mcox-80-3-m","13":"first","14":"instock","15":"shipping-taxable","16":"product-type-simple"},"_links":{"self":[{"href":"https:\/\/conforto.vn\/index.php\/wp-json\/wp\/v2\/product\/2660","targetHints":{"allow":["GET"]}}],"collection":[{"href":"https:\/\/conforto.vn\/index.php\/wp-json\/wp\/v2\/product"}],"about":[{"href":"https:\/\/conforto.vn\/index.php\/wp-json\/wp\/v2\/types\/product"}],"replies":[{"embeddable":true,"href":"https:\/\/conforto.vn\/index.php\/wp-json\/wp\/v2\/comments?post=2660"}],"wp:featuredmedia":[{"embeddable":true,"href":"https:\/\/conforto.vn\/index.php\/wp-json\/wp\/v2\/media\/2687"}],"wp:attachment":[{"href":"https:\/\/conforto.vn\/index.php\/wp-json\/wp\/v2\/media?parent=2660"}],"wp:term":[{"taxonomy":"product_brand","embeddable":true,"href":"https:\/\/conforto.vn\/index.php\/wp-json\/wp\/v2\/product_brand?post=2660"},{"taxonomy":"product_cat","embeddable":true,"href":"https:\/\/conforto.vn\/index.php\/wp-json\/wp\/v2\/product_cat?post=2660"},{"taxonomy":"product_tag","embeddable":true,"href":"https:\/\/conforto.vn\/index.php\/wp-json\/wp\/v2\/product_tag?post=2660"}],"curies":[{"name":"wp","href":"https:\/\/api.w.org\/{rel}","templated":true}]}}