{"id":2670,"date":"2026-05-11T08:40:09","date_gmt":"2026-05-11T08:40:09","guid":{"rendered":"https:\/\/conforto.vn\/?post_type=product&#038;p=2670"},"modified":"2026-05-11T08:40:12","modified_gmt":"2026-05-11T08:40:12","slug":"may-bom-chan-khong-elanta-pm-2","status":"publish","type":"product","link":"https:\/\/conforto.vn\/index.php\/san-pham\/may-bom-chan-khong-elanta-pm-2\/","title":{"rendered":"M\u00e1y b\u01a1m ch\u00e2n kh\u00f4ng Elanta PM 2"},"content":{"rendered":"<p><strong>M\u00e1y b\u01a1m ch\u00e2n kh\u00f4ng Elanta PM 2<\/strong><\/p>\n<p><strong><span>S\u1eec D\u1ee4NG:<\/span><\/strong><span>\u00a0B\u01a1m c\u00e1nh qu\u1ea1t h\u01b0\u1edbng t\u00e2m v\u1edbi \u0111\u1ea7u h\u00fat h\u01b0\u1edbng tr\u1ee5c v\u00e0 c\u1ed5ng ph\u00e2n ph\u1ed1i h\u01b0\u1edbng t\u00e2m h\u01b0\u1edbng l\u00ean tr\u00ean.\u00a0\u0110\u1eb7c \u0111i\u1ec3m ch\u00ednh c\u1ee7a lo\u1ea1t b\u00e0i n\u00e0y l\u00e0 ph\u00e1t tri\u1ec3n t\u1ef7 l\u1ec7 ph\u1ed5 bi\u1ebfn trung b\u00ecnh cao v\u1edbi s\u1ee9c m\u1ea1nh t\u01b0\u01a1ng \u0111\u1ed1i khi\u00eam t\u1ed1n.\u00a0Ch\u00fang r\u1ea5t l\u00fd t\u01b0\u1edfng \u0111\u1ec3 n\u00e2ng v\u00e0 ph\u00e2n ph\u1ed1i n\u01b0\u1edbc trong c\u00e1c h\u1ec7 th\u1ed1ng trong n\u01b0\u1edbc, bi\u1ec7t th\u1ef1, trang tr\u1ea1i, trang tr\u1ea1i nh\u1ecf, v\u01b0\u1eddn v\u00e0 \u0111\u1ec3 cung c\u1ea5p n\u1ed3i h\u01a1i \u00e1p l\u1ef1c.\u00a0Khi s\u1eed d\u1ee5ng c\u00e1c m\u00e1y b\u01a1m \u0111i\u1ec7n n\u00e0y, n\u00ean s\u1eed d\u1ee5ng c\u00e1c ch\u1ea5t l\u1ecfng l\u00e0m s\u1ea1ch h\u00f3a h\u1ecdc v\u00e0 c\u01a1 h\u1ecdc v\u1edbi nhi\u1ec7t \u0111\u1ed9 kh\u00f4ng qu\u00e1 80 \u00b0 C.<\/span><\/p>\n<p><strong><span>B\u01a0M: B\u01a1m<\/span><\/strong><span>\u00a0tr\u1ee5c ngang v\u1edbi b\u00e1nh c\u00f4ng t\u00e1c b\u1eb1ng \u0111\u1ed3ng, th\u00e2n b\u01a1m v\u00e0 gi\u00e1 \u0111\u1ee1 b\u1eb1ng gang G20, tr\u1ee5c inox AISI 416 v\u00e0 ph\u1edbt c\u01a1 kh\u00ed b\u1eb1ng g\u1ed1m \/ than ch\u00ec.<\/span><\/p>\n<p><strong><span>\u0110\u1ed8NG C\u01a0:<\/span><\/strong><span>\u00a0Lo\u1ea1i k\u00edn \u0111i\u1ec7n c\u00f3 th\u00f4ng gi\u00f3 b\u00ean ngo\u00e0i, \u0111\u1ed9 b\u1ea3o v\u1ec7 IP 44. L\u1edbp c\u00e1ch \u0111i\u1ec7n F. Trong \u0111\u1ed9ng c\u01a1 m\u1ed9t pha, m\u1ed9t b\u1ed9 \u0111i\u1ec1u nhi\u1ec7t vi m\u00f4 \u0111\u01b0\u1ee3c l\u1eafp v\u00e0o \u0111\u1ec3 tr\u00e1nh h\u01b0 h\u1ecfng trong tr\u01b0\u1eddng h\u1ee3p qu\u00e1 nhi\u1ec7t.\u00a0Ng\u01b0\u1eddi s\u1eed d\u1ee5ng ch\u1ecbu tr\u00e1ch nhi\u1ec7m cho \u0111\u1ed9ng c\u01a1 ba pha.<\/span><\/p>\n<p><strong><span>\u0110I\u1ec6N \u00c1P:<\/span><\/strong><span>\u00a0PM: 230-240 V. 50 Hz;\u00a0P: 230\/400 V. 50 Hz. C\u00e1c \u0111i\u1ec7n \u00e1p v\u00e0 t\u1ea7n s\u1ed1 kh\u00e1c nhau c\u00f3 s\u1eb5n theo y\u00eau c\u1ea7u.<\/span><\/p>\n<p><strong><span>\u1ee8NG D\u1ee4NG:<\/span><\/strong><span>\u00a0Trong n\u01b0\u1edbc, Th\u1ee7y l\u1ee3i, Tr\u00f2 ch\u01a1i n\u01b0\u1edbc, C\u00f4ng nghi\u1ec7p<\/span><\/p>\n<p><strong><a href=\"https:\/\/conforto.vn\/wp-content\/uploads\/2019\/09\/PM-Catalogy.pdf\" target=\"_blank\" rel=\"noopener noreferrer\">T\u1ea3i v\u1ec1 PM-Catalogue<\/a><\/strong><\/p>\n<p><img fetchpriority=\"high\" decoding=\"async\" class=\"alignnone wp-image-1715 size-medium\" src=\"https:\/\/conforto.vn\/wp-content\/uploads\/2019\/09\/GRAPH_PM-705x400.jpg\" alt=\"GRAPH-PM\" width=\"705\" height=\"400\" \/><\/p>\n","protected":false},"excerpt":{"rendered":"<ul>\n<li>Model : PM 2<\/li>\n<li>C\u00f4ng su\u1ea5t : 0,5HP &#8211; 0,37kW<\/li>\n<li>Ngu\u1ed3n \u0111i\u1ec7n : 220v\/1P &#8211; 50Hz<\/li>\n<li>L\u01b0u l\u01b0\u1ee3ng : 0,3 &#8211; 2,4 m3\/h<\/li>\n<li>C\u1ed9t \u00e1p : 35 -4 Hm<\/li>\n<li>Xu\u1ea5t x\u1ee9 : Italya<\/li>\n<li>B\u1ea3o h\u00e0nh : 12 th\u00e1ng<\/li>\n<\/ul>\n","protected":false},"featured_media":2688,"comment_status":"open","ping_status":"closed","template":"","meta":[],"product_brand":[],"product_cat":[343],"product_tag":[30,344,345,346],"class_list":{"0":"post-2670","1":"product","2":"type-product","3":"status-publish","4":"has-post-thumbnail","6":"product_cat-may-bom-chan-khong","7":"product_tag-may-bom","8":"product_tag-may-bom-chan-khong","9":"product_tag-may-bom-chan-khong-elanta","10":"product_tag-may-bom-chan-khong-elanta-pm-2","12":"first","13":"instock","14":"shipping-taxable","15":"product-type-simple"},"_links":{"self":[{"href":"https:\/\/conforto.vn\/index.php\/wp-json\/wp\/v2\/product\/2670","targetHints":{"allow":["GET"]}}],"collection":[{"href":"https:\/\/conforto.vn\/index.php\/wp-json\/wp\/v2\/product"}],"about":[{"href":"https:\/\/conforto.vn\/index.php\/wp-json\/wp\/v2\/types\/product"}],"replies":[{"embeddable":true,"href":"https:\/\/conforto.vn\/index.php\/wp-json\/wp\/v2\/comments?post=2670"}],"wp:featuredmedia":[{"embeddable":true,"href":"https:\/\/conforto.vn\/index.php\/wp-json\/wp\/v2\/media\/2688"}],"wp:attachment":[{"href":"https:\/\/conforto.vn\/index.php\/wp-json\/wp\/v2\/media?parent=2670"}],"wp:term":[{"taxonomy":"product_brand","embeddable":true,"href":"https:\/\/conforto.vn\/index.php\/wp-json\/wp\/v2\/product_brand?post=2670"},{"taxonomy":"product_cat","embeddable":true,"href":"https:\/\/conforto.vn\/index.php\/wp-json\/wp\/v2\/product_cat?post=2670"},{"taxonomy":"product_tag","embeddable":true,"href":"https:\/\/conforto.vn\/index.php\/wp-json\/wp\/v2\/product_tag?post=2670"}],"curies":[{"name":"wp","href":"https:\/\/api.w.org\/{rel}","templated":true}]}}